atest common divisor of 177 and g.
59
Suppose 368 + 40 = 17*c - 323. What is the greatest common divisor of c and 2881?
43
Suppose 0 = 3*l + 18, 15*l + 20 = t + 17*l. Calculate the highest common factor of 1264 and t.
16
Let v be 62 - 82 - 5*-1255. What is the highest common divisor of 1112 and v?
139
Let s = 7839 - 7785. Calculate the highest common factor of 288 and s.
18
Let p(v) = -90*v + 7. Let f be p(-1). Let i = f - 61. What is the highest common factor of i and 4?
4
Suppose 16*x + 276 = 53*x + 91. Let c(a) = -a + 1. Let d be c(-3). Suppose -3*n - w + x = -n, -45 = -5*n + d*w. What is the greatest common divisor of n and 20?
5
Suppose -15*q + 8*q + 1631 = 0. Let g = -204 + q. Calculate the highest common divisor of 203 and g.
29
Let t be (-2)/(-3) - 440/(-15). Let u(k) = 2*k**2 - 34*k - 22*k**3 + 33*k**3 - 10 + 43*k. Let n be u(1). Calculate the highest common factor of t and n.
6
Let d(t) = 32*t + 56. Let w be d(1). Calculate the greatest common divisor of w and 319.
11
Suppose -u - 3*z + 76 = -63, 4*u - 2*z - 598 = 0. Suppose 5*i - 4*x = u, -7*i + 3*x + 62 = -5*i. Calculate the highest common factor of 7 and i.
7
Let x(k) = k**2 - 7*k - 27. Let f be x(10). Let c(t) = 34*t - 86. Let r be c(f). Calculate the highest common divisor of 88 and r.
8
Let a = 120 - 92. Let y(n) = -15*n - 11*n + 56 + a*n. Let o be y(-15). What is the greatest common divisor of 26 and o?
26
Suppose 38*p = 5*d + 35*p - 6995, d + 2*p = 1386. Suppose 0 = 14*k - d - 1530. Calculate the greatest common factor of 38 and k.
19
Suppose 3*a + 1624 = 32*a. Calculate the greatest common divisor of a and 3836.
28
Let m(l) = 16*l**2 - 132*l - 8. Let s be m(13). What is the highest common divisor of 308 and s?
28
Let k = 3548 - 3510. Let z be 6/(-24)*(0 - 12). Let c be 4/6*81 + z. What is the highest common factor of k and c?
19
Let j = 17 - 5. Suppose 474 = 5*d + 4*a - 2073, 5*a + 492 = d. Let o = -501 + d. What is the highest common divisor of j and o?
6
Let y(x) = -x**3 - 18*x**2 - 15*x + 20. Let w be y(-17). Let p be 36/63 + (-2260)/w. Suppose 44*k = 50*k - p. What is the greatest common divisor of k and 18?
9
Let g(j) = -310*j + 69 - 312*j + 617*j. Let k be g(13). Calculate the greatest common factor of k and 34.
2
Let m = 11096 - 10664. Calculate the highest common divisor of m and 2403.
27
Let v = -232 + 233. Let r be 550/135 + (-4)/54. What is the greatest common divisor of v and r?
1
Suppose -1586*f - 618592 = -1612*f. Calculate the greatest common factor of f and 48.
16
Let d be 14/(-77) + 1/(-11)*-607. Suppose -5*a = h + 5, 3*a + 0*a + 15 = -3*h. Suppose a = -4*q + 5*q - 55. What is the highest common factor of q and d?
55
Let s be -323*(348/(-68) - -5). Calculate the greatest common factor of s and 950.
38
Let u = -261 - -263. Suppose 44 = 4*w + u*k - 0*k, 0 = w + k - 11. What is the greatest common divisor of 132 and w?
11
Let t = -223 + 305. Let s be 251/1 + -1 + (-5 - -1). What is the greatest common divisor of s and t?
82
Let g be ((-15)/4)/(3/(-304)). Let f be 10*(5 - 3)*1. Calculate the greatest common factor of f and g.
20
Let v be (-9)/6*1392/(-36). Suppose -56*u - 156 = -v*u. What is the highest common factor of 13 and u?
13
Suppose 0 = 4*o - p - 133, -64 = 1370*o - 1372*o - 2*p. What is the highest common divisor of 1760 and o?
11
Suppose -7*b = -8*b. Suppose b = u + u - 76. Let a = 39 - u. What is the greatest common factor of 11 and a?
1
Suppose -2*p + 61 = 3*d, -72*d - 89 = -77*d + 3*p. Calculate the highest common divisor of d and 2261.
19
Let k = -755 - -908. Let u(i) = i**2 - 9*i + 8. Let q be u(10). What is the highest common divisor of k and q?
9
Let r = 4160 + -4152. What is the highest common divisor of 512 and r?
8
Let u = -82 - -96. Suppose 2*v + 3*c = 227, 2*v - 29*c = -28*c + 223. Calculate the greatest common divisor of u and v.
14
Suppose 220*s - 368 = 218*s. Calculate the highest common factor of s and 1150.
46
Let p be ((-6)/4)/(1/(-2)). Suppose 4*l - 36*w + 38*w - 64 = 0, -l + 4*w - 2 = 0. Let y = 10 + l. What is the greatest common divisor of y and p?
3
Let q(k) = -11*k - 3. Let o be q(-5). Let a(x) = x**3 - 28*x**2 - x + 26. Let h be a(0). Calculate the greatest common divisor of o and h.
26
Let s(o) = -523*o - 4161. Let h be s(-8). Suppose -m + 5*m = r + 831, -816 = -4*m - 4*r. What is the highest common factor of m and h?
23
Let m(z) = -z**3 + 60*z**2 - 602*z - 59. Let d be m(13). What is the greatest common factor of d and 696?
58
Let w(l) = 4*l**2 + 207*l - 85. Let n be w(-53). Calculate the greatest common factor of n and 1860.
60
Let u be ((-56)/(-3))/(-4) - (-4)/6. Let s be (-3*u/15)/((-9)/(-2430)). Let l = -35 + 62. Calculate the greatest common divisor of l and s.
27
Let j(t) = -113*t**3 + 3*t**2 - 1. Let v be j(-1). Let n = v + -89. What is the greatest common factor of 78 and n?
26
Let v be (((-177)/(-9))/(-1))/((-5)/15). Suppose v*s = 47*s + 1536. What is the highest common factor of 16 and s?
16
Suppose 0 = 5*c - 22*r + 18*r - 2455, -5*c - 5*r + 2500 = 0. What is the highest common factor of 99 and c?
99
Let j = 322 - -1666. What is the highest common factor of j and 355?
71
Let o(q) = -q**3 - 34*q**2 - 5*q + 51. Let l be o(-34). Let u = l - 183. Calculate the highest common factor of u and 190.
38
Let w(u) = 2*u + 13. Suppose -2 = 4*q + 14. Let f be w(q). Suppose f*g = -3*m + 144, 2*g - 26 = -3*m + 37. What is the highest common factor of 81 and g?
27
Suppose -17*j + 55 = -12*j. Suppose 4*k = 3*k + j. Suppose 0 = -k*l + 13*l - 396. What is the highest common divisor of l and 22?
22
Suppose -3*y + 4 = -8, 0 = -2*q - 5*y + 132. Let d = -1700 + 1708. Calculate the greatest common divisor of q and d.
8
Let c(o) = 205*o**2 + 9*o - 25. Let l be c(6). Calculate the greatest common divisor of l and 31.
31
Let u be 99/12 - 3/12. Suppose u*d - 9*d + 25 = -4*j, 115 = 3*d - 2*j. What is the highest common factor of d and 82?
41
Suppose 2*j - 1988 = 3*i, 98*j - 4016 = 94*j - 4*i. Calculate the greatest common divisor of 120 and j.
40
Let b be 252/6 + (-1 - -3). Let c(x) = -x**3 - 12*x**2 - 14*x - 23. Let w be c(-11). Suppose -w*f = -4*f - 132. What is the greatest common factor of f and b?
22
Suppose 4*c + u - 70 = 0, 6*c - 10*c + 5*u = -82. Suppose -42 = -c*a + 84. Calculate the highest common divisor of 189 and a.
7
Suppose 3*k = 6 + 24. Let l be (k/(-20) - (-507)/2)*1. Let w = l + -181. What is the greatest common factor of 24 and w?
24
Suppose -9019 - 18174 = -15*a + 25907. Calculate the greatest common factor of a and 40.
20
Let r(k) = -15*k**3 - 4*k - 1. Let x be r(-3). Let l(d) = -399*d - 2761. Let c be l(-7). What is the greatest common factor of c and x?
32
Suppose -z + 125 = 122. Suppose 3*p - i - 37 - z = 0, -4 = p + 4*i. Let m be (18/4)/(9/192). Calculate the greatest common factor of p and m.
12
Suppose 110*y = 109*y + 5. Suppose p - y*p + 112 = -o, 5*p = 2*o + 143. What is the highest common divisor of p and 225?
9
Let n be (-3)/(6/5)*(11 - 9). Let x be n*(-1)/((-1 + 2)/1). Suppose 3*c - 41 = -5*a, x*c = 3*a + 2*c - 15. What is the greatest common factor of 7 and a?
7
Let z(m) = 283*m - 9. Let n be z(-1). Let g = 200 - n. Calculate the greatest common factor of g and 24.
12
Let z be 3 + (4 - (-102 + (-9 - -2))). Calculate the highest common factor of 5220 and z.
116
Let q = -40 - -48. Let k(m) = -m**3 + 10*m**2 - 16*m - 9. Let t be k(q). Let y be ((-114)/t)/1 + 4/(-6). Calculate the greatest common factor of 108 and y.
12
Suppose -207*m + 21*m + 3906 = 0. What is the greatest common divisor of 29379 and m?
21
Let v(j) = 8*j**2 + 4*j + 4. Let a be v(-2). Suppose 0 = 2*u - 4, -u = -5*k + 441 + 117. Calculate the highest common factor of k and a.
28
Let v be (4 + 45/(-10))/((-9)/328104*7). Calculate the greatest common divisor of v and 168.
84
Suppose 0 = 53*m - 272424 + 39648. What is the highest common factor of 12 and m?
12
Let d = -242608 - -242798. Let r(l) = -l**3 + 38. Let o be r(0). Calculate the highest common factor of d and o.
38
Let f(x) = -x**3 + 10*x**2 - 9*x + 1. Suppose -c + 5*c - 32 = 0. Let b be f(c). Let g be b/3 + 5 + -8. What is the greatest common factor of 16 and g?
16
Let q(c) be the third derivative of c**5/60 + c**4/8 + 5*c**3/3 - 40*c**2. Let s be q(7). Calculate the greatest common factor